, 139
List the prime factors of 2604.
2, 3, 7, 31
List the prime factors of 22399.
13, 1723
What are the prime factors of 6550?
2, 5, 131
What are the prime factors of 138401?
138401
List the prime factors of 6893.
61, 113
What are the prime factors of 1759?
1759
What are the prime factors of 60779?
60779
List the prime factors of 3915.
3, 5, 29
List the prime factors of 2272.
2, 71
What are the prime factors of 94?
2, 47
List the prime factors of 3187.
3187
List the prime factors of 546.
2, 3, 7, 13
What are the prime factors of 4612?
2, 1153
List the prime factors of 12562.
2, 11, 571
What are the prime factors of 1719?
3, 191
What are the prime factors of 4357?
4357
List the prime factors of 4000.
2, 5
What are the prime factors of 708?
2, 3, 59
List the prime factors of 4180.
2, 5, 11, 19
List the prime factors of 56973.
3, 7, 2713
List the prime factors of 337.
337
List the prime factors of 4446.
2, 3, 13, 19
What are the prime factors of 425?
5, 17
List the prime factors of 1135.
5, 227
What are the prime factors of 127856?
2, 61, 131
What are the prime factors of 62645?
5, 11, 17, 67
What are the prime factors of 492?
2, 3, 41
List the prime factors of 20189.
13, 1553
List the prime factors of 3561.
3, 1187
What are the prime factors of 12830?
2, 5, 1283
List the prime factors of 31480.
2, 5, 787
What are the prime factors of 3919?
3919
List the prime factors of 70.
2, 5, 7
What are the prime factors of 988?
2, 13, 19
What are the prime factors of 20849?
20849
What are the prime factors of 1313?
13, 101
What are the prime factors of 317?
317
List the prime factors of 23157.
3, 31, 83
What are the prime factors of 1046?
2, 523
List the prime factors of 33444.
2, 3, 929
List the prime factors of 4051.
4051
List the prime factors of 2003.
2003
List the prime factors of 3225.
3, 5, 43
What are the prime factors of 34223?
7, 4889
What are the prime factors of 25243?
25243
What are the prime factors of 28326?
2, 3, 4721
List the prime factors of 890.
2, 5, 89
List the prime factors of 16882.
2, 23, 367
List the prime factors of 23.
23
What are the prime factors of 13345?
5, 17, 157
List the prime factors of 61617.
3, 19, 23, 47
List the prime factors of 6045.
3, 5, 13, 31
List the prime factors of 5.
5
What are the prime factors of 37110?
2, 3, 5, 1237
What are the prime factors of 882?
2, 3, 7
List the prime factors of 1911.
3, 7, 13
What are the prime factors of 9623?
9623
What are the prime factors of 3347?
3347
What are the prime factors of 25482?
2, 3, 31, 137
List the prime factors of 335.
5, 67
List the prime factors of 22863.
3, 7621
What are the prime factors of 295?
5, 59
What are the prime factors of 19469?
19469
List the prime factors of 13087.
23, 569
List the prime factors of 12144.
2, 3, 11, 23
What are the prime factors of 11592?
2, 3, 7, 23
What are the prime factors of 23?
23
List the prime factors of 16076.
2, 4019
List the prime factors of 1533.
3, 7, 73
List the prime factors of 2224.
2, 139
List the prime factors of 1748.
2, 19, 23
List the prime factors of 1904.
2, 7, 17
List the prime factors of 65357.
65357
What are the prime factors of 1316?
2, 7, 47
What are the prime factors of 7690?
2, 5, 769
List the prime factors of 4622.
2, 2311
List the prime factors of 496.
2, 31
List the prime factors of 139.
139
What are the prime factors of 1928?
2, 241
What are the prime factors of 92160?
2, 3, 5
What are the prime factors of 9033?
3, 3011
List the prime factors of 1281.
3, 7, 61
What are the prime factors of 22680?
2, 3, 5, 7
List the prime factors of 5950.
2, 5, 7, 17
List the prime factors of 82463.
82463
What are the prime factors of 2591?
2591
What are the prime factors of 11?
11
What are the prime factors of 2122?
2, 1061
List the prime factors of 48329.
31, 1559
What are the prime factors of 3643?
3643
List the prime factors of 95332.
2, 23833
What are the prime factors of 1192?
2, 149
What are the prime factors of 8169?
3, 7, 389
What are the prime factors of 1586?
2, 13, 61
List the prime factors of 62948.
2, 15737
List the prime factors of 6157.
47, 131
What are the prime factors of 546?
2, 3, 7, 13
List the prime factors of 3020.
2, 5, 151
List the prime factors of 1037.
17, 61
List the prime factors of 50438.
2, 25219
List the prime factors of 989.
23, 43
What are the prime factors of 20339?
11, 43
What are the prime factors of 1899?
3, 211
What are the prime factors of 1989?
3, 13, 17
List the prime factors of 142005.
3, 5, 9467
What are the prime factors of 6497?
73, 89
List the prime factors of 2984.
2, 373
List the prime factors of 8765.
5, 1753
What are the prime factors of 12454?
2, 13, 479
What are the prime factors of 587?
587
List the prime factors of 19026.
2, 3, 7, 151
List the prime factors of 19600.
2, 5, 7
List the prime factors of 831.
3, 277
List the prime factors of 10801.
7, 1543
List the prime factors of 30533.
19, 1607
What are the prime factors of 5472?
2, 3, 19
List the prime factors of 1908.
2, 3, 53
List the prime factors of 94927.
7, 71, 191
What are the prime factors of 539?
7, 11
List the prime factors of 1313.
13, 101
List the prime factors of 2988.
2, 3, 83
List the prime factors of 2762.
2, 1381
List the prime factors of 123586.
2, 61, 1013
What are the prime factors of 230?
2, 5, 23
What are the prime factors of 6354?
2, 3, 353
What are the prime factors of 1066?
2, 13, 41
List the prime factors of 89527.
89527
What are the prime factors of 956?
2, 239
What are the prime factors of 529?
23
What are the prime factors of 3566?
2, 1783
List the prime factors of 1039.
1039
What are the prime factors of 1129?
1129
List the prime factors of 2594.
2, 1297
What are the prime factors of 5181?
3, 11, 157
What are the prime factors of 26358?
2, 3, 23, 191
What are the prime factors of 171646?
2, 19, 4517
List the prime factors of 2031.
3, 677
List the prime factors of 285.
3, 5, 19
What are the prime factors of 26297?
26297
List the prime factors of 3483.
3, 43
List the prime factors of 135033.
3, 19, 23, 103
What are the prime factors of 1922?
2, 31
What are the prime factors of 8323?
7, 29, 41
What are the prime factors of 5561?
67, 83
What are the prime factors of 2120?
2, 5, 53
What are the prime factors of 676?
2, 13
List the prime factors of 26338.
2, 13, 1013
List the prime factors of 6223.
7, 127
List the prime factors of 13982.
2, 6991
List the prime factors of 64820.
2, 5, 7, 463
List the prime factors of 1180.
2, 5, 59
What are the prime factors of 3255?
3, 5, 7, 31
What are the prime factors of 1758?
2, 3, 293
List the prime factors of 2089.
2089
List the prime factors of 120229.
251, 479
What are the prime factors of 5838?
2, 3, 7, 139
List the prime factors of 1520.
2, 5, 19
List the prime factors of 2346.
2, 3, 17, 23
What are the prime factors of 1227?
3, 409
What are the prime factors of 11848?
2, 1481
What are the prime factors of 69398?
2, 7, 4957
List the prime factors of 3307.
3307
List the prime factors of 7876.
2, 11, 179
What are the prime factors of 42198?
2, 3, 13, 541
What are the prime factors of 460?
2, 5, 23
List the prime factors of 23753.
23753
List the prime factors of 3382.
2, 19, 89
List the prime factors of 2449.
31, 79
What are the prime factors of 5626?
2, 29, 97
List the prime factors of 1680.
2, 3, 5, 7
What are the prime factors of 920?
2, 5, 23
List the prime factors of 600.
2, 3, 5
List the prime factors of 99813.
3, 7, 97
List the prime factors of 56231.
7, 29, 277
What are the prime factors of 38230?
2, 5, 3823
List the prime factors of 10625.
5, 17
What are the prime factors of 1315?
5, 263
What are the prime factors of 10429?
10429
What are the prime factors of 1086?
2, 3, 181
What are the prime factors of 2202?
2, 3, 367
List the prime factors of 110278.
2, 7, 7877
List the prime factors of 960.
2, 3, 5
What are the prime factors of 1097?
1097
List the prime factors of 143.
11, 13
What are the prime factors of 7913?
41, 193
What are the prime factors of 8278?
2, 4139
List the prime factors of 43570.
2, 5, 4357
List the prime factors of 215.
5, 43
List the prime factors of 1576.
2, 197
What are the prime factors of 1902?
2, 3, 317
What are the prime factors of 32858?
2, 7, 2347
What are the prime factors of 45634?
2, 22817
What are the pri